ivided by 19745?
19
Calculate the remainder when 705499 is divided by 478.
449
What is the remainder when 78239006 is divided by 8196?
8186
Calculate the remainder when 177637 is divided by 8834.
957
What is the remainder when 6909111 is divided by 600?
111
Calculate the remainder when 332508 is divided by 110831.
15
Calculate the remainder when 39491 is divided by 26.
23
What is the remainder when 13195173 is divided by 209447?
12
What is the remainder when 6546 is divided by 1614?
90
What is the remainder when 508423 is divided by 1614?
13
What is the remainder when 1944843 is divided by 1535?
1533
Calculate the remainder when 2478324 is divided by 275.
24
Calculate the remainder when 95235 is divided by 7056.
3507
What is the remainder when 28038 is divided by 12863?
2312
What is the remainder when 100487 is divided by 96?
71
What is the remainder when 27966388 is divided by 345?
343
What is the remainder when 1877206 is divided by 6631?
633
What is the remainder when 5461624 is divided by 114?
112
Calculate the remainder when 102875 is divided by 7709.
2658
Calculate the remainder when 2535453 is divided by 325.
128
Calculate the remainder when 92340 is divided by 46.
18
What is the remainder when 29455634 is divided by 841589?
19
Calculate the remainder when 5670384 is divided by 103097.
49
What is the remainder when 112321220 is divided by 7?
4
Calculate the remainder when 135284909 is divided by 1354.
1353
Calculate the remainder when 24080771 is divided by 68.
67
What is the remainder when 72829762 is divided by 979?
973
Calculate the remainder when 3197602 is divided by 351.
343
What is the remainder when 4743576 is divided by 38?
36
Calculate the remainder when 10432 is divided by 939.
103
What is the remainder when 762710 is divided by 24?
14
Calculate the remainder when 679229 is divided by 406.
397
What is the remainder when 18241 is divided by 17387?
854
What is the remainder when 8345251 is divided by 166905?
1
Calculate the remainder when 107347082 is divided by 2079.
2075
Calculate the remainder when 96827181 is divided by 216.
213
Calculate the remainder when 67668005 is divided by 145.
130
Calculate the remainder when 17184858 is divided by 2033.
1942
What is the remainder when 19138195 is divided by 101?
8
Calculate the remainder when 1658477 is divided by 414612.
29
Calculate the remainder when 101922 is divided by 2361.
399
What is the remainder when 142690 is divided by 35664?
34
Calculate the remainder when 4765419 is divided by 33559.
41
Calculate the remainder when 14622336 is divided by 73.
71
Calculate the remainder when 33328368 is divided by 28.
24
What is the remainder when 550702 is divided by 1513?
1483
Calculate the remainder when 7199049 is divided by 4809.
4785
Calculate the remainder when 377493 is divided by 125790.
123
What is the remainder when 1648414 is divided by 1205?
1179
What is the remainder when 2263625 is divided by 282943?
81
Calculate the remainder when 719644 is divided by 3011.
15
Calculate the remainder when 18979473 is divided by 68.
61
Calculate the remainder when 4363453 is divided by 245.
3
What is the remainder when 424463 is divided by 4162?
4101
Calculate the remainder when 2970215 is divided by 1086.
5
What is the remainder when 288478 is divided by 95837?
967
Calculate the remainder when 3578854 is divided by 508.
502
What is the remainder when 1128253 is divided by 9?
4
What is the remainder when 862356 is divided by 150?
6
What is the remainder when 313595271 is divided by 62719054?
1
What is the remainder when 169382 is divided by 84681?
20
Calculate the remainder when 589919 is divided by 1955.
1464
What is the remainder when 533891 is divided by 129?
89
Calculate the remainder when 298719 is divided by 12409.
903
What is the remainder when 1254288 is divided by 31352?
208
What is the remainder when 33659290 is divided by 680?
650
What is the remainder when 8049564 is divided by 1788?
1776
Calculate the remainder when 965027 is divided by 2255.
2142
Calculate the remainder when 8266210 is divided by 1494.
1402
Calculate the remainder when 2684364 is divided by 223697.
0
What is the remainder when 21158 is divided by 4680?
2438
Calculate the remainder when 92953 is divided by 15450.
253
Calculate the remainder when 16018455 is divided by 968.
959
What is the remainder when 576114 is divided by 9?
6
Calculate the remainder when 374931 is divided by 374511.
420
What is the remainder when 4972481 is divided by 115639?
4
Calculate the remainder when 56902 is divided by 28397.
108
Calculate the remainder when 80540217 is divided by 168.
9
Calculate the remainder when 334699 is divided by 18.
7
Calculate the remainder when 173077 is divided by 173063.
14
What is the remainder when 256723 is divided by 64135?
183
What is the remainder when 43471502 is divided by 57?
53
What is the remainder when 75789770 is divided by 30?
20
Calculate the remainder when 6204210 is divided by 4630.
10
Calculate the remainder when 301888 is divided by 225.
163
Calculate the remainder when 737249 is divided by 423.
383
Calculate the remainder when 41760276 is divided by 6125.
26
What is the remainder when 6238856 is divided by 2107?
29
What is the remainder when 10122211 is divided by 150?
61
Calculate the remainder when 213563316 is divided by 8466.
0
What is the remainder when 114196 is divided by 5790?
4186
Calculate the remainder when 186058 is divided by 1001.
873
What is the remainder when 20474 is divided by 9155?
2164
Calculate the remainder when 1137807 is divided by 1371.
1248
What is the remainder when 17531 is divided by 1047?
779
Calculate the remainder when 60735384 is divided by 3007.
3005
What is the remainder when 371691 is divided by 371690?
1
Calculate the remainder when 11943041 is divided by 312.
305
What is the remainder when 437653 is divided by 4052?
37
What is the remainder when 6552939 is divided by 6552933?
6
What is the remainder when 106180 is divided by 162?
70
What is the remainder when 63261194 is divided by 14864?
10
What is the remainder when 1118687 is divided by 19626?
5
Calculate the remainder when 1013639087 is divided by 66.
65
Calculate the remainder when 176092485 is divided by 11.
8
Calculate the remainder when 21118 is divided by 1696.
766
What is the remainder when 14771127 is divided by 3880?
3847
What is the remainder when 176623 is divided by 3536?
3359
What is the remainder when 990634 is divided by 288?
202
Calculate the remainder when 53616318 is divided by 17872100.
18
What is the remainder when 2280394 is divided by 12811?
36
What is the remainder when 11702707 is divided by 5549?
5415
What is the remainder when 334339 is divided by 6428?
83
What is the remainder when 54176306 is divided by 19?
10
Calculate the remainder when 4213399 is divided by 42.
1
What is the remainder when 3444882 is divided by 4859?
4710
What is the remainder when 219022286 is divided by 16847867?
15
What is the remainder when 15768 is divided by 14987?
781
What is the remainder when 6852 is divided by 6034?
818
Calculate the remainder when 7569107 is divided by 2837.
2828
Calculate the remainder when 216378 is divided by 54036.
234
What is the remainder when 113897 is divided by 4951?
24
Calculate the remainder when 50674 is divided by 1717.
881
What is the remainder when 2731448 is divided by 10?
8
What is the remainder when 634426 is divided by 126815?
351
What is the remainder when 1788106 is divided by 122?
74
What is the remainder when 585886 is divided by 48823?
10
Calculate the remainder when 13282787 is divided by 32397.
17
What is the remainder when 362473 is divided by 120437?
1162
What is the remainder when 2143494 is divided by 30?
24
What is the remainder when 1213279940 is divided by 24?
20
Calculate the remainder when 4460 is divided by 286.
170
Calculate the remainder when 259076 is divided by 161.
27
Calculate the remainder when 17883990 is divided by 588.
558
What is the remainder when 53365 is divided by 10518?
775
Calculate the remainder when 124942 is divided by 41352.
886
Calculate the remainder when 117053261 is divided by 4935.
4931
What is the remainder when 389402 is divided by 316?
90
What is the remainder when 248056814 is divided by 23?
20
Calcu